{"id":52,"date":"2021-08-30T17:24:14","date_gmt":"2021-08-30T15:24:14","guid":{"rendered":"https:\/\/salondesrivieras.com\/?page_id=52"},"modified":"2025-06-29T22:01:28","modified_gmt":"2025-06-29T20:01:28","slug":"infos-pratiques","status":"publish","type":"page","link":"https:\/\/salondesrivieras.com\/index.php\/infos-pratiques\/","title":{"rendered":"Infos pratiques"},"content":{"rendered":"\n<p><strong>Restauration<\/strong><br>Le Palace des Ambassadeurs pourra fournir \u2013 sur r\u00e9servation \u2013 aux exposants \u00e0 l\u2019heure du d\u00e9jeuner un \u201cMenu casse-cro\u00fbte sp\u00e9cial Salon\u201d \u00e0 un prix tr\u00e8s s\u00e9duisant : 18 \u20ac (sandwich au choix, dessert, une demie bouteille de vin, bi\u00e8re ou boisson non alcoolis\u00e9e au choix, caf\u00e9 ou th\u00e9 et une bouteille d\u2019eau min\u00e9rale), servi sur le stand ou dans le jardin. En alternative il y a un Menu \u00e0 la carte avec des plats simples \u00e0 tarif sp\u00e9cial.<\/p>\n\n\n\n<p>En plus, le Palace offrira \u00e0 tous les exposants un bon pour deux boissons chaudes par jour au Bar.<\/p>\n\n\n\n<p>Note: Autour de Palace se trouve une myriade de petits bistrots, caf\u00e9s et restaurants o\u00f9 les Exposants peuvent d\u00e9jeuner s\u2019ils le souhaitent.<\/p>\n\n\n\n<p><strong>H\u00e9bergement<\/strong><br>Le Palace des Ambassadeurs peut offrir des chambres \u00e0 des prix \u201csp\u00e9cial salon\u201d: 170,00\u20ac. Pour r\u00e9server votre s\u00e9jour veuillez envoyer un email \u00e0 : <a href=\"mailto:directeur@gha-menton.com\">directeur@gha-menton.com<\/a><\/p>\n\n\n\n<p>Au prix de la chambre il faut ajouter la taxe de s\u00e9jour, que le Palace verse \u00e0 la Mairie (5,50 \u20ac par jour et par personne adulte). Les animaux domestiques sont accept\u00e9s gratuitement.<\/p>\n\n\n\n<p><strong>Transports<\/strong><br>Le Palace des Ambassadeurs est tr\u00e8s bien situ\u00e9, a deux minutes de la gare. Bien qu\u2019il ne poss\u00e8de pas un parking, les alentours offrent des possibilit\u00e9s de se garer pour ceux qui arrivent en voiture : dans la rue Partouneaux on trouve facilement des places de parking ou bien au Parking couvert \u201cSaint Roch\u201d, tout pr\u00e8s du Salon (payant).<\/p>\n\n\n\n<p><strong>Autres services<\/strong><br>La Salle Tilson, situ\u00e9e au premier \u00e9tage, sera \u00e0 disposition gratuitement pendant les deux jours de Salon pour des pr\u00e9sentations de livres ou des signatures. Contacter <a href=\"mailto:directeur@gha-menton.com\">directeur@gha-menton.com<\/a> pour r\u00e9server une date et un cr\u00e9neau horaire. <\/p>\n\n\n\n<p><\/p>\n","protected":false},"excerpt":{"rendered":"<p>RestaurationLe Palace des Ambassadeurs pourra fournir \u2013 sur r\u00e9servation \u2013 aux exposants \u00e0 l\u2019heure du d\u00e9jeuner un \u201cMenu casse-cro\u00fbte sp\u00e9cial Salon\u201d \u00e0 un prix tr\u00e8s s\u00e9duisant : 18 \u20ac (sandwich au choix, dessert, une demie bouteille de vin, bi\u00e8re ou boisson non alcoolis\u00e9e au choix, caf\u00e9 ou th\u00e9 et une bouteille d\u2019eau min\u00e9rale), servi sur [&hellip;]<\/p>\n","protected":false},"author":1,"featured_media":0,"parent":0,"menu_order":0,"comment_status":"closed","ping_status":"closed","template":"","meta":{"footnotes":""},"class_list":["post-52","page","type-page","status-publish","hentry"],"_links":{"self":[{"href":"https:\/\/salondesrivieras.com\/index.php\/wp-json\/wp\/v2\/pages\/52","targetHints":{"allow":["GET"]}}],"collection":[{"href":"https:\/\/salondesrivieras.com\/index.php\/wp-json\/wp\/v2\/pages"}],"about":[{"href":"https:\/\/salondesrivieras.com\/index.php\/wp-json\/wp\/v2\/types\/page"}],"author":[{"embeddable":true,"href":"https:\/\/salondesrivieras.com\/index.php\/wp-json\/wp\/v2\/users\/1"}],"replies":[{"embeddable":true,"href":"https:\/\/salondesrivieras.com\/index.php\/wp-json\/wp\/v2\/comments?post=52"}],"version-history":[{"count":11,"href":"https:\/\/salondesrivieras.com\/index.php\/wp-json\/wp\/v2\/pages\/52\/revisions"}],"predecessor-version":[{"id":358,"href":"https:\/\/salondesrivieras.com\/index.php\/wp-json\/wp\/v2\/pages\/52\/revisions\/358"}],"wp:attachment":[{"href":"https:\/\/salondesrivieras.com\/index.php\/wp-json\/wp\/v2\/media?parent=52"}],"curies":[{"name":"wp","href":"https:\/\/api.w.org\/{rel}","templated":true}]}}